/(-30) - 2 - 22/(-12). Suppose -a*w = -4*u - 0*u + 6624, 3*w - 6 = 0. Is u composite?
False
Let h(x) = 9*x**3 + 23*x**2 - 26*x - 29. Is h(20) prime?
True
Let q = 69 + -65. Suppose 3*w = k + 5817, 5*w + q*k = k + 9695. Is w a composite number?
True
Let n(j) = j - 8. Let m be 221/34 - (-2)/(-4). Let r be n(m). Is 148/(-10)*5/r a prime number?
True
Is ((-430840)/80)/((-1)/2) a composite number?
False
Let g = -47 - -47. Is (-1)/(-5) + (-38776)/(-20) + g composite?
True
Is 82175/(5 + 0) + -6 a composite number?
True
Suppose 2*c = 5*p + 26, 0 = -0*c - 3*c + 9. Let a(g) = -4*g**3 + g**2 - 5. Is a(p) prime?
False
Let x = -7517 - -15000. Is x prime?
False
Let a = -1732 - -14627. Is a a prime number?
False
Let k be -4 - (-3*1 - (-10 - -17)). Suppose -k - 34 = -10*q. Is q composite?
True
Let q = -3624 + 5651. Let l = -294 + q. Is l a composite number?
False
Suppose -k = -0*l + 5*l - 222, 0 = -2*l - 6. Let c = -119 + k. Is c composite?
True
Let y(s) = 1. Let j(l) = 55*l + 2. Let n(d) = 2*j(d) + 2*y(d). Let r be n(7). Suppose r = 9*x - 5*x. Is x prime?
False
Let f(n) = 6*n + 39. Let u be f(-6). Suppose -y - 7006 = -4*h - h, -2805 = -2*h + u*y. Is h a prime number?
False
Suppose -5058 = -l - 3559. Is l a composite number?
False
Suppose -16 = -4*f, -2*t + 1362 = -2*f - 1524. Let i = t - 708. Is i prime?
True
Is ((-22354)/(-3))/(33/9 - 3) prime?
True
Is (15 - 16)/((-3)/36687) a composite number?
True
Suppose -3*a + 3 - 18 = 0. Let k = 388 + a. Is k composite?
False
Let v(q) = -q**3 - 3*q**2 - 5. Let x = 3 + -9. Is v(x) a composite number?
False
Suppose c - 7435 = r, 5*c + 2*r = 52750 - 15575. Is c a composite number?
True
Let r = -64 - 101. Let p = 296 + r. Is p a composite number?
False
Suppose 144 = 3*c + 4*s, 0 = -3*c + c + 4*s + 76. Is (c/6)/((-12)/(-774)) a composite number?
True
Suppose 0 = -5*n - 0*q - 2*q + 17096, -5*n + 17078 = -4*q. Is n composite?
True
Suppose -5*q = 25 + 15. Is 11 + q + 1833/3 a composite number?
True
Let s = -1730 + 3211. Is s a composite number?
False
Let z be (-119)/6*(-12 + 9)*20. Suppose r - z = 587. Is r composite?
False
Let h(c) = -2*c**3 - 20*c**2 - 2*c + 17. Is h(-17) a prime number?
False
Let x be (18/63)/((-2)/14). Let g(s) = -66*s - 5. Is g(x) composite?
False
Let w be 15/3 - (9 + -6). Let h = 0 - -4. Is (2101/22)/(w/h) a composite number?
False
Suppose 0 = 21*o - 10*o - 29689. Is o prime?
True
Let g(k) = -96*k**2 + 6*k + 3. Let f(v) = v**2 + v. Let t(z) = 2*f(z) - g(z). Is t(-2) a prime number?
True
Let w(o) be the first derivative of 6*o**4 + 2*o**3/3 - o**2 + 3*o + 8. Is w(2) a prime number?
True
Suppose -5*h + 3*s = -30, s + 3*s = -3*h + 47. Let a(c) = 37*c + 1. Let r be a(h). Suppose 0*v - 4*v - 2*u = -416, -4*u = -3*v + r. Is v composite?
True
Let h = -4360 + 6207. Is h prime?
True
Let o(g) = g - 3. Suppose 2*z + 46 = 6*z + 3*k, 5*z = 4*k + 42. Let t be o(z). Is (-12)/(-42) + 1335/t a composite number?
False
Suppose r - 11663 = -5*l, 2350 + 9305 = 5*l + 5*r. Is l a composite number?
False
Let t(m) = 4*m**2 - 11*m - 3. Let g = 15 - 11. Suppose -3 = -g*s - 35. Is t(s) prime?
False
Let d(y) = -y**3 + 34*y**2 - 149*y + 70. Is d(23) prime?
False
Is (-25976)/(-3) + 5/(-3) + 2 prime?
False
Suppose 93*p = 117*p - 13944. Let g = 428 - 100. Let q = p - g. Is q composite?
True
Suppose -2*b + 8 = -x - 5, 6 = -2*x. Let a = b - 3. Suppose 3*i + 3*v = 291, 0 = -a*i + 4*i - 4*v - 194. Is i composite?
False
Suppose -7*p + 489634 = 27*p. Is p composite?
False
Let n(f) = -13*f + 1. Let o(a) = -a**3 - 2*a**2 + 4*a - 3. Let k be o(-4). Let i = k + -17. Is n(i) composite?
False
Let c = 915 + -550. Suppose -3*p = 3*r - 630, r + 102 + 930 = 5*p. Let l = c - p. Is l composite?
True
Let t be (-1)/(-1)*(-6 - -824 - -4). Let h = 2105 + t. Is h a prime number?
True
Let v(b) = 24*b - 5. Let l be v(6). Suppose -5*g - 37 + 1077 = 0. Let s = g + l. Is s a composite number?
False
Let u(w) = -8903*w - 8. Let z be u(-1). Suppose 0 = -3*t + 18*t - z. Is t a prime number?
True
Let y(j) = 7*j**2 - 3*j - 2. Let p(k) = -k**3 + k**2 - 3. Let c be p(0). Let v be y(c). Suppose -v = 3*i - 787. Is i prime?
True
Suppose 16*t - 28845 = 11*t. Is ((-12)/18)/((-6)/t) prime?
True
Let v(g) = 11*g + 7. Let p be -4 + 4 + (-4 - -1). Let o(j) = -11*j - 7. Let n(l) = p*v(l) - 2*o(l). Is n(-6) a prime number?
True
Suppose -96024 = -10*u + 236846. Is u prime?
True
Suppose -4*y = -3*l + 6523, 3*l + 3*y + 465 = 7023. Is l prime?
False
Let s(c) = c**3 - 8*c**2 - 7*c + 6. Let y be s(9). Suppose -y = -k - 3*k. Let r(w) = 4*w**2 - w - 5. Is r(k) prime?
False
Suppose -4*a + 46544 = 4*w, 5*w = -3*a + 15991 + 18923. Is a prime?
True
Let s(b) = 57*b**2 - 7*b + 5. Is s(-2) a prime number?
False
Let x(z) = -2*z + 3*z + z + 14*z**2 + 0*z - 18. Is x(-8) a composite number?
True
Suppose 39*u - 27*u - 20616 = 0. Is u composite?
True
Suppose 10 = -g - 4*g, p = 4*g + 23. Let x = 20 - p. Suppose 4*a - x*d = -a + 2930, -2*a = -d - 1167. Is a a composite number?
True
Let s(h) = -h - 8. Let m be s(0). Let q(d) = 6*d + 12. Let b be q(m). Is -3 + -1*1*b prime?
False
Suppose -3556 = -32*t + 18*t. Is t composite?
True
Suppose 27*x = 23*x + 127828. Is x composite?
False
Let v = 871 + 18640. Is v composite?
True
Suppose 0 = -5*i + 25 - 10. Suppose -5*a - 20 = 0, -5*l - i*a + 587 = -6*a. Suppose -y - 2*w + l = -6*w, -4*y = w - 511. Is y prime?
True
Let w = 15512 + -9775. Is w prime?
True
Let y(p) = -p**2 - 2*p + 2. Let x(w) = w**2 + 5*w - 2. Let g be x(-5). Let z be y(g). Suppose 0 = 3*j - 3*l, -4*j = l - 8 - z. Is j a composite number?
False
Let x = 2810 - 1167. Is x a composite number?
True
Suppose -3*u + 2*h + 59811 = 0, -18*u + 16*u = h - 39874. Is u prime?
True
Let k(u) = -66*u - 2. Let w(o) = -65*o - 1. Let p(l) = -2*k(l) + 3*w(l). Let q = 85 - 87. Is p(q) a prime number?
True
Let l = -17 - -26. Is (4 - (l - 4))*-46 a prime number?
False
Let s(u) = 32*u + 33. Let j be s(4). Let t = 13 - 8. Suppose j = t*x + 46. Is x a composite number?
False
Let u(q) = -5323*q - 93. Is u(-8) prime?
True
Let v be (573*(-4)/6)/(-1). Suppose v = -6*n + 8*n. Is n prime?
True
Let m(x) = -36705*x + 314. Is m(-7) composite?
False
Let x = 1045 + 3918. Is x a prime number?
False
Suppose 0*r = -3*r + 2*w + 102851, -3*r = w - 102857. Is r a composite number?
True
Let n be 0*1/(-3) + 41. Let c = n - 34. Is c a prime number?
True
Let m(c) = 18*c**3 - 6*c**2 - 3*c + 35. Is m(8) a prime number?
False
Suppose 4*g - 219 = 3*g. Let t = g + -152. Is t a prime number?
True
Let j be (2 + (-385)/(-10))*-2. Is (-10822)/(-4) - j/54 prime?
True
Let u = -109 - -528. Is u composite?
False
Let b(t) = -t**3 + 2*t - 6. Let h = -16 + 21. Let v be b(h). Let n = 180 + v. Is n a composite number?
False
Is (1012/10)/(118/295) composite?
True
Let f(d) = -2*d**3 - 14*d**2 - d + 3. Let y be f(-7). Let c(x) = x**2 + 8*x + 1. Let b be c(-4). Is 3/b - (-892)/y a prime number?
True
Let z(a) be the first derivative of 10*a**3 + 4*a**2 - 3*a + 24. Suppose 0 = -7*r + 3*r + 20. Is z(r) composite?
False
Let o(g) = -2*g**3 + g**2 + 3*g - 23. Is o(-7) prime?
True
Let m = 0 - -2. Is (-5703)/m*6/(-9) composite?
False
Let w(r) = -23*r**3 + 7*r**2 + 11*r - 1. Is w(-6) a prime number?
True
Let p = -66 - -70. Let w(b) = 112*b**2 - 3*b + 21. Is w(p) a composite number?
False
Suppose -1344 = -3*n + 14535. Is n prime?
False
Suppose 696 = 2*t - 116. Let g = t + 379. Is g a composite number?
True
Let x = -32 - -18. Is (-7074)/x + (-10)/35 composite?
True
Suppose 80*l - 122412 - 35428 = 0. Is l a prime number?
True
Let v be 11/((-14)/(-4) + -3). Let h(c) = -2 + 2 + 1 - v*c + 0. Is h(-1) a composite number?
False
Let u be 1747/(-2) + 19/(-38). Let x = 1265 + u. Is x prime?
False
Suppose -l + 243 = -3*d - 127, -2*l + 731 = -3*d. Let s = l - -678. Is s prime?
True
Suppose 3*v + 296 = 4*r - v, v = 4*r - 287. Suppose -5*n + 139 = -r. Is 7121/17 - n/(-357) a prime number?
True
Suppose 61 + 33 = p. Let d = 165 - p. Is d a prime number?
True
Is 8/2 + -144 + 513 prime?
True
Let l be (-114 - 0)*8/(-6). Let d = l + 5. Let h = d + -72. Is h a prime number?
False
Suppose -5*f = -6 - 79. Suppose -3*x + 87 = -2*b + f, -x = 3*b - 5. Suppose -x - 24 = -4*m. Is m prime?
True
Suppose 0 = -12*b + 163992 - 16164. Is b composite?
True
Let z be (-14 - 66/(-6)) + (-5)/(-1). Suppose 2*g = -